{"id":8454,"date":"2024-07-09T19:48:08","date_gmt":"2024-07-09T19:48:08","guid":{"rendered":"https:\/\/madara.cl\/?post_type=product&#038;p=8454"},"modified":"2025-10-01T00:30:26","modified_gmt":"2025-10-01T00:30:26","slug":"estufa-pellet-modelo-arrayan","status":"publish","type":"product","link":"https:\/\/madara.cl\/index.php\/producto\/estufa-pellet-modelo-arrayan\/","title":{"rendered":"Estufa Pellet Array\u00e1n"},"content":{"rendered":"<p>Es una ESTUFA a pellet pensada para adaptarse a las necesidades de calefacci\u00f3n de su hogar, \u00a0preocup\u00e1ndose de la calidad y eficiencia.<\/p>\n<p>Este modelo tiene como ventaja, ser m\u00e1s amigable con el medio ambiente, segura, f\u00e1cil encendido y no requiere electricidad.<\/p>\n<p>Fabricada en acero al carbono y cristales termocer\u00e1micos capaces de resistir altas temperaturas en el proceso de quema de pellet, Su dise\u00f1o incluye un sistema de ventilaci\u00f3n que permite la entrada de aire para mantener la combusti\u00f3n y la salida de gases al exterior, manteniendo su eficiencia energ\u00e9tica, aprovechando al m\u00e1ximo la carga de pellet.<\/p>\n","protected":false},"excerpt":{"rendered":"<h2 class=\"\" data-sourcepos=\"20:1-20:39\">Especificaciones T\u00e9cnicas Detalladas<\/h2>\n<ul data-sourcepos=\"22:1-26:18\">\n<li data-sourcepos=\"22:1-22:36\"><strong>Combustible:<\/strong> Pellets de madera<\/li>\n<li data-sourcepos=\"23:1-23:23\"><strong>Encendido:<\/strong> Manual<\/li>\n<li data-sourcepos=\"24:1-24:21\"><strong>Tiraje:<\/strong> Frontal<\/li>\n<li data-sourcepos=\"25:1-25:23\"><strong>Color:<\/strong> Negro\/rojo<\/li>\n<li data-sourcepos=\"26:1-26:18\"><strong>Dimensiones:<\/strong>\n<ul data-sourcepos=\"27:5-29:24\">\n<li data-sourcepos=\"27:5-27:17\">Alto: 60 cm<\/li>\n<li data-sourcepos=\"28:5-28:18\">Ancho: 42 cm<\/li>\n<li data-sourcepos=\"29:5-29:24\">Profundidad: 36 cm<\/li>\n<\/ul>\n<\/li>\n<li data-sourcepos=\"30:1-30:17\"><strong>Peso:<\/strong> 30 kg<\/li>\n<li data-sourcepos=\"31:1-31:30\"><strong>C\u00e1mara de combusti\u00f3n:<\/strong> S\u00ed<\/li>\n<li data-sourcepos=\"32:1-32:38\"><strong>Medida del fog\u00f3n:<\/strong> 37 cm x 115 cm<\/li>\n<li data-sourcepos=\"33:1-33:36\"><strong>Di\u00e1metro del ca\u00f1\u00f3n:<\/strong> 3 pulgadas<\/li>\n<li data-sourcepos=\"34:1-34:39\"><strong>Rango de calefacci\u00f3n:<\/strong> Hasta 80 m\u00b2<\/li>\n<li data-sourcepos=\"35:1-35:21\"><strong>Material:<\/strong> Acero<\/li>\n<li data-sourcepos=\"36:1-37:0\"><strong>Garant\u00eda:<\/strong> 6 meses<\/li>\n<\/ul>\n<h2 class=\"\" data-sourcepos=\"38:1-38:46\"><\/h2>\n","protected":false},"featured_media":8711,"comment_status":"open","ping_status":"closed","template":"","meta":{"_joinchat":[]},"product_cat":[71,80],"product_tag":[],"class_list":{"0":"post-8454","1":"product","2":"type-product","3":"status-publish","4":"has-post-thumbnail","6":"product_cat-estufa","7":"product_cat-pellet","9":"first","10":"instock","11":"shipping-taxable","12":"purchasable","13":"product-type-simple"},"_links":{"self":[{"href":"https:\/\/madara.cl\/index.php\/wp-json\/wp\/v2\/product\/8454","targetHints":{"allow":["GET"]}}],"collection":[{"href":"https:\/\/madara.cl\/index.php\/wp-json\/wp\/v2\/product"}],"about":[{"href":"https:\/\/madara.cl\/index.php\/wp-json\/wp\/v2\/types\/product"}],"replies":[{"embeddable":true,"href":"https:\/\/madara.cl\/index.php\/wp-json\/wp\/v2\/comments?post=8454"}],"version-history":[{"count":4,"href":"https:\/\/madara.cl\/index.php\/wp-json\/wp\/v2\/product\/8454\/revisions"}],"predecessor-version":[{"id":8712,"href":"https:\/\/madara.cl\/index.php\/wp-json\/wp\/v2\/product\/8454\/revisions\/8712"}],"wp:featuredmedia":[{"embeddable":true,"href":"https:\/\/madara.cl\/index.php\/wp-json\/wp\/v2\/media\/8711"}],"wp:attachment":[{"href":"https:\/\/madara.cl\/index.php\/wp-json\/wp\/v2\/media?parent=8454"}],"wp:term":[{"taxonomy":"product_cat","embeddable":true,"href":"https:\/\/madara.cl\/index.php\/wp-json\/wp\/v2\/product_cat?post=8454"},{"taxonomy":"product_tag","embeddable":true,"href":"https:\/\/madara.cl\/index.php\/wp-json\/wp\/v2\/product_tag?post=8454"}],"curies":[{"name":"wp","href":"https:\/\/api.w.org\/{rel}","templated":true}]}}