{"id":8461,"date":"2024-07-09T20:15:44","date_gmt":"2024-07-09T20:15:44","guid":{"rendered":"https:\/\/madara.cl\/?post_type=product&#038;p=8461"},"modified":"2024-08-17T16:48:06","modified_gmt":"2024-08-17T16:48:06","slug":"estufa-kutral-m450","status":"publish","type":"product","link":"https:\/\/madara.cl\/index.php\/producto\/estufa-kutral-m450\/","title":{"rendered":"Estufa Kutral M450"},"content":{"rendered":"<p>Es una ESTUFA combusti\u00f3n lenta a le\u00f1a pensada para adaptarse a las necesidades de calefacci\u00f3n de su hogar, \u00a0preocup\u00e1ndose de la calidad y eficiencia.<\/p>\n<p>&nbsp;<\/p>\n<p>El dise\u00f1o compacto ha sido fabricado con el objetivo de mejorar el funcionamiento en base a la experiencia de la gente, atendiendo sus necesidades y requerimientos, para seguir disfrutando del calor, como es tradici\u00f3n en los hogares chilenos.<\/p>\n<p>Cuenta con el sistema de doble combusti\u00f3n, el cual quema el material particulado dejado por la primera combusti\u00f3n, logrando aumentar la eficiencia calor\u00edfica del equipo, \u00a0reduciendo gases que se emiten al exterior, \u00a0aprovechando al m\u00e1ximo la le\u00f1a que es una fuente de energ\u00eda renovable y abundante.<\/p>\n<p>&nbsp;<\/p>\n<p>Las ventajas son que con la misma cantidad de le\u00f1a obtenemos m\u00e1s calor, son mas amigables con el medio ambiente, y \u00a0mas seguras que las estufas tradicionales.<\/p>\n<p>&nbsp;<\/p>\n<p>Fabricada en acero al carbono y cristales termocer\u00e1micos capaces de resistir altas temperaturas en el proceso de quema de le\u00f1a, el fog\u00f3n tiene un recubrimiento con ladrillos refractarios.<\/p>\n","protected":false},"excerpt":{"rendered":"<h3 class=\"\" data-sourcepos=\"3:1-3:49\">Especificaciones T\u00e9cnicas de la Estufa a Le\u00f1a<\/h3>\n<ul data-sourcepos=\"5:1-18:4\">\n<li data-sourcepos=\"5:1-11:23\"><strong>Caracter\u00edsticas Generales:<\/strong>\n<ul data-sourcepos=\"6:5-11:23\">\n<li data-sourcepos=\"6:5-6:23\">Combustible: Le\u00f1a<\/li>\n<li data-sourcepos=\"7:5-7:23\">Encendido: Manual<\/li>\n<li data-sourcepos=\"8:5-8:21\">Tiraje: Frontal<\/li>\n<li data-sourcepos=\"9:5-9:23\">Color: Negro\/rojo<\/li>\n<li data-sourcepos=\"10:5-10:21\">Material: Acero<\/li>\n<li data-sourcepos=\"11:5-11:23\">Garant\u00eda: 6 meses<\/li>\n<\/ul>\n<\/li>\n<li data-sourcepos=\"12:1-16:17\"><strong>Dimensiones y Peso:<\/strong>\n<ul data-sourcepos=\"13:5-16:17\">\n<li data-sourcepos=\"13:5-13:17\">Alto: 75 cm<\/li>\n<li data-sourcepos=\"14:5-14:18\">Ancho: 48 cm<\/li>\n<li data-sourcepos=\"15:5-15:24\">Profundidad: 50 cm<\/li>\n<li data-sourcepos=\"16:5-16:17\">Peso: 65 kg<\/li>\n<\/ul>\n<\/li>\n<li data-sourcepos=\"17:1-18:4\"><strong>Caracter\u00edsticas T\u00e9cnicas:<\/strong>\n<ul data-sourcepos=\"18:5-22:0\">\n<li data-sourcepos=\"18:5-18:30\">C\u00e1mara de combusti\u00f3n: S\u00ed<\/li>\n<li data-sourcepos=\"19:5-19:37\">Medida del fog\u00f3n: 45 cm x 47 cm<\/li>\n<li data-sourcepos=\"20:5-20:36\">Di\u00e1metro del ca\u00f1\u00f3n: 6 pulgadas<\/li>\n<li data-sourcepos=\"21:5-22:0\">Rango de calefacci\u00f3n: Hasta 150 m\u00b2<\/li>\n<\/ul>\n<\/li>\n<\/ul>\n<p class=\"query-text-line ng-star-inserted\">C\u00e1mara combusti\u00f3n o templador<\/p>\n<p class=\"query-text-line ng-star-inserted\">si<\/p>\n<p class=\"query-text-line ng-star-inserted\">Medida de fog\u00f3n 45cm x47cm<\/p>\n<p class=\"query-text-line ng-star-inserted\">Di\u00e1metro del ca\u00f1\u00f3n 6\u201d<\/p>\n<p class=\"query-text-line ng-star-inserted\">Rango de calefacci\u00f3n, hasta 150 m2<\/p>\n<p class=\"query-text-line ng-star-inserted\">material acero<\/p>\n<p class=\"query-text-line ng-star-inserted\">Potencia<\/p>\n<p class=\"query-text-line ng-star-inserted\">Garant\u00eda<\/p>\n<p class=\"query-text-line ng-star-inserted\">6 meses<\/p>\n","protected":false},"featured_media":8654,"comment_status":"open","ping_status":"closed","template":"","meta":{"_joinchat":[]},"product_cat":[71,72],"product_tag":[],"class_list":{"0":"post-8461","1":"product","2":"type-product","3":"status-publish","4":"has-post-thumbnail","6":"product_cat-estufa","7":"product_cat-lena","9":"first","10":"instock","11":"shipping-taxable","12":"purchasable","13":"product-type-simple"},"_links":{"self":[{"href":"https:\/\/madara.cl\/index.php\/wp-json\/wp\/v2\/product\/8461","targetHints":{"allow":["GET"]}}],"collection":[{"href":"https:\/\/madara.cl\/index.php\/wp-json\/wp\/v2\/product"}],"about":[{"href":"https:\/\/madara.cl\/index.php\/wp-json\/wp\/v2\/types\/product"}],"replies":[{"embeddable":true,"href":"https:\/\/madara.cl\/index.php\/wp-json\/wp\/v2\/comments?post=8461"}],"version-history":[{"count":4,"href":"https:\/\/madara.cl\/index.php\/wp-json\/wp\/v2\/product\/8461\/revisions"}],"predecessor-version":[{"id":8656,"href":"https:\/\/madara.cl\/index.php\/wp-json\/wp\/v2\/product\/8461\/revisions\/8656"}],"wp:featuredmedia":[{"embeddable":true,"href":"https:\/\/madara.cl\/index.php\/wp-json\/wp\/v2\/media\/8654"}],"wp:attachment":[{"href":"https:\/\/madara.cl\/index.php\/wp-json\/wp\/v2\/media?parent=8461"}],"wp:term":[{"taxonomy":"product_cat","embeddable":true,"href":"https:\/\/madara.cl\/index.php\/wp-json\/wp\/v2\/product_cat?post=8461"},{"taxonomy":"product_tag","embeddable":true,"href":"https:\/\/madara.cl\/index.php\/wp-json\/wp\/v2\/product_tag?post=8461"}],"curies":[{"name":"wp","href":"https:\/\/api.w.org\/{rel}","templated":true}]}}